*s**3 - 10*s**2 - 5*s + 5. Let z be l(-1). What is the greatest common factor of z and t?
3
Let l(m) = m**3 - 6*m**2 - 80*m + 544. Let c be l(6). What is the greatest common factor of c and 15552?
64
Let q be (9/14*4)/(261/13398). Let r be q/21*217/62. Calculate the highest common divisor of r and 44.
22
Let f(x) = 2*x**2 - 12*x - 6. Let u be f(8). What is the greatest common factor of 2366 and u?
26
Let p(j) = 2*j**2 + 13*j + 20. Let h be p(-2). Let f be (-10)/(-4)*(-18)/(-15). Suppose 0 = -8*t + f*t + 10. What is the highest common divisor of h and t?
2
Let k = 423 - 278. Suppose 1674*v - 7561 = 8715 - 7336 + 7800. What is the highest common divisor of v and k?
5
Let d(q) = q**2 + 35*q + 348. Let f be d(-27). Suppose 0*k + 88 = k. What is the highest common factor of f and k?
44
Let k(t) be the second derivative of t**3/6 - 19*t**2/2 + 71*t + 1. Let r be k(25). Calculate the greatest common factor of 354 and r.
6
Let l(q) = -q**2 - 14*q + 3. Let g be l(-11). Let k = g + -146. Let s be 18/(-24) - (k/8 + -1). What is the greatest common divisor of s and 7?
7
Let p = 178 + -174. Suppose p*y - 68 = -20. Let x(a) = 132*a**2. Let z be x(1). What is the greatest common factor of y and z?
12
Let i = -18668 + 23422. What is the greatest common factor of i and 2?
2
Let c(i) = -3*i**3 - 25*i**2 + 26*i + 422. Let k be c(-13). Calculate the highest common divisor of 450 and k.
50
Suppose -332 = 3*y + 2*u - 1147, -u - 5 = 0. Let b be 3*9*(-2 + 5). Suppose -q + j + 22 = -0*j, -3*q - 2*j = -b. Calculate the highest common factor of q and y.
25
Let m be (1 - 1/1)/2. Suppose h = -3*a + 128 + 4, -3*a + h + 138 = m. Suppose 13*q - 3*q = -20*q - 1142 + 2042. Calculate the highest common factor of q and a.
15
Suppose 3*i = 3*c - 39, -5*i = -4*c + 6*c - 54. Let m be (-4 - -1 - 0)*27. Let z = -64 - m. Calculate the greatest common factor of c and z.
17
Let h = 410 + -366. Let i(x) = -x - 55. Let z be i(0). Let q be (4/(-2) - 0)*z. Calculate the highest common divisor of q and h.
22
Suppose 18 = -0*r + 6*r. Suppose r = -2*y + 37. Suppose 2*k + 0*k + 60 = 4*n, -2*n = 2*k - 42. What is the highest common divisor of y and n?
17
Let g = -81 + 84. Suppose 104 = g*b + b. Calculate the highest common divisor of b and 208.
26
Suppose 394 = 2*p - 5*k, 58*p = 63*p + 2*k - 898. Let v be (-1 + -5 - 1)*-2. Calculate the greatest common factor of p and v.
14
Let r(i) = i**2 - 7*i - 42. Let n be r(11). Suppose f - 85 = -n*p, 4*p - f = 2*f + 195. Calculate the greatest common factor of 30 and p.
15
Suppose 145*k - 147*k = -6. Suppose -5*f + 5 = -5*p, 3 = -5*f - k*p + 8. Let h be 2 - (-1*28)/2. Calculate the highest common factor of f and h.
1
Suppose -24*y - 92 = -47*y. Let v(m) = 287*m + 100. Let i be v(y). Calculate the greatest common divisor of i and 39.
39
Let x = -195 - -192. Let m be 0/(-5) + x + 119. Calculate the highest common factor of m and 87.
29
Let r = -117 - -133. Suppose -r = -3*t - 4, -3*b = 2*t - 68. What is the greatest common factor of b and 20?
20
Let d be -13 + 15 + (-1 - -24). Suppose d*g - 23*g = 10. Suppose -z = g - 15. Calculate the greatest common divisor of z and 25.
5
Let t = 7 + 21. Suppose -m + 4*o = 3*m - t, 5*m = 4*o + 38. Suppose -4*g = -3*k - 17, g = -3*g + 5*k + 15. Calculate the greatest common divisor of g and m.
5
Let u = -1285 - -1337. What is the highest common divisor of u and 3354?
26
Let a(x) = -4*x - 16. Suppose 0 = -5*c - 15 - 5. Let o be a(c). Suppose -9*k + 12*k - 216 = o. What is the greatest common factor of 8 and k?
8
Let k be (-4 - 1) + (-13 - -2) + 264. Let a(x) = 30*x + 2. Let g be a(-2). Let f = g + 89. Calculate the greatest common divisor of f and k.
31
Let n be (-4)/(-6)*6 - (-248 + -1028). What is the highest common factor of 400 and n?
80
Let a = 56 - 78. Let i = -20 - a. Suppose -176 = -i*f - 2*f. Calculate the greatest common factor of 11 and f.
11
Let z(n) be the first derivative of -n**4/4 - 4*n**3/3 + 3*n**2 + 6*n + 52. Let y be z(-4). Let h = y - -28. Calculate the greatest common divisor of 110 and h.
10
Let i(f) = 973*f**3 - f**2 + 8*f - 6. Let q be i(1). Suppose 0*c = -2*d - 4*c + q, -2*c = -d + 479. Calculate the greatest common factor of 42 and d.
21
Let b be 30/8*((-210)/(-9) - 18). What is the greatest common factor of b and 1940?
20
Let d(g) = 3*g**3 + 10*g**2 - 7*g + 4. Let h be d(-4). Suppose h = 4*v - 277 - 75. What is the greatest common factor of 22 and v?
22
Let y be 28/20 - (-6)/(-15). Let z = -3 + 36. Let r be (-2 + 1)/(96/z - 3). Calculate the greatest common factor of y and r.
1
Let j(q) = q**3 - 2*q**2 - 12*q + 7. Let b be j(5). Let s be (3 + -14)*(-84)/b. Calculate the highest common divisor of s and 378.
42
Let j = -120 + -19. Let f = j - -271. What is the greatest common divisor of f and 12?
12
Let q be -1*120/(-32)*8. Calculate the highest common factor of q and 426.
6
Let c be (-5 + 4)*6/(-9)*-3. Let o be ((-9)/12*c)/((-1)/18). Let z = 36 + o. Calculate the greatest common divisor of z and 9.
9
Let b = 2298 - 2262. Let d = -51 + 5. Let y = d + 100. What is the greatest common factor of b and y?
18
Let t(p) = -34*p - 1249. Let q be t(-85). Calculate the highest common factor of q and 3.
3
Let h = -1008 + 1590. Suppose 0 = s - h + 157. Calculate the highest common divisor of s and 17.
17
Suppose 2*v + 2*l = -v + 99, -4*l = -36. Suppose 2*k - 33 = 3*h, 5*k - 102 = h - 0*h. Calculate the highest common divisor of v and k.
3
Let n be (5/(-10))/((-8)/40) + 2/4. Calculate the greatest common divisor of 4704 and n.
3
Let f = 40 - -5. Let z be ((-2)/8)/(15*3/(-900)). Calculate the greatest common factor of z and f.
5
Let g be 2/(4/(-729))*(6 + -8). Calculate the greatest common divisor of 9 and g.
9
Let u = -28 - -42. Suppose u*s = 1706 + 1024. Calculate the greatest common divisor of s and 30.
15
Let i(s) = 26*s - 4. Let d be i(-5). Let a be d/(-11) - 4/22. Suppose 2*j + 39 = 5*b + 62, 2*j + 4*b = -4. What is the greatest common divisor of j and a?
4
Let y = 7 + 422. Let v = -91370 + 91409. Calculate the greatest common factor of v and y.
39
Let l = 20719 - 4943. Calculate the greatest common factor of l and 116.
116
Let b = 84 + -81. Suppose b*g - 768 = 90. Suppose -4*r + 718 = r + z, 0 = 2*r + z - g. What is the greatest common divisor of r and 16?
16
Suppose 0 = -21*v + 12*v + 3573. Let f = v - 271. What is the greatest common divisor of f and 180?
18
Let x = 308 - -10. Let q = -300 - -306. What is the highest common factor of x and q?
6
Suppose -6*p - p + 7 = 0. Let c(y) = 2*y - 1. Let r(x) = 43*x + 3. Let h(f) = p*r(f) - c(f). Let g be h(1). Calculate the highest common divisor of 30 and g.
15
Let a(s) = s**2 + s + 2. Let w be a(0). Let o = -23787 + 23839. Calculate the highest common divisor of w and o.
2
Suppose 720 = -424*u + 436*u. What is the highest common divisor of u and 1860?
60
Suppose -6031 + 6601 = 2*j. Calculate the highest common factor of j and 133.
19
Let q be (-2320)/24 - 4/(-6). Let v be ((-2)/(-4))/((-8)/q) - 2. Let t be v*3 - (-10 + 14). What is the highest common divisor of 2 and t?
2
Let y be (-2)/(-15) + ((-368)/(-240) - (-5)/15). Let b(j) = -j + 3. Let t be b(0). Suppose t*c - 36 = y*c. What is the highest common divisor of c and 27?
9
Let y = -1736 + 1916. Calculate the greatest common factor of 460 and y.
20
Suppose 4*r - 181 = -5*n, 0 = r - 182*n + 187*n - 19. Let c be 27*((-3)/(-1) - 0). Calculate the highest common factor of r and c.
27
Let x be (-12 - (-1 + (-2548)/70)) + 3/5. Calculate the greatest common factor of 3471 and x.
13
Let m = -4399 - -4919. What is the highest common divisor of m and 360?
40
Suppose 0 = -6*p + 11*p - 150. Let t be (-12)/(-10)*800/p. Let q = 173 + -125. What is the highest common divisor of t and q?
16
Let i be (-1 - -10)*13/(-39). Let p be 7120/25 - i/15. What is the greatest common divisor of 15 and p?
15
Let l be (-65676)/(-390) + -2*3/15. What is the greatest common factor of 156 and l?
12
Suppose 4*g + f + 0*f - 1849 = 0, -2 = -2*f. Let o = 479 - g. What is the greatest common factor of 51 and o?
17
Let n = -54 + 72. Let d be (10/(-3) - (-6)/n)*-5. Calculate the greatest common divisor of 60 and d.
15
Let l be (-47 - (-62 + -34))*(38 - 1)/1. What is the greatest common factor of 148 and l?
37
Let c = -558 - -1250. Suppose -16*u